ghest common divisor of 91 and q.
13
Suppose -73*d = -x - 77*d + 12, 0 = -9*x + 4*d + 388. Calculate the greatest common divisor of 1256 and x.
8
Let i = 5422 - 4766. What is the highest common factor of i and 96?
16
Suppose 0 = 4570*c - 4579*c + 1260. Calculate the greatest common divisor of 2555 and c.
35
Suppose -12824 = 68*q - 82*q. Calculate the highest common divisor of 4 and q.
4
Let o = 84 - 81. Let s(m) = -11*m - 3 + o*m**2 + 38*m**2 + 13*m + m**2. Let i be s(-2). What is the greatest common divisor of i and 7?
7
Suppose 3*z = -c - 94, c = 4*z - c + 112. Let t be (z/35)/((-1)/7). Let s = t - -8. Calculate the greatest common divisor of 28 and s.
14
Let l(v) = -83*v - 581. Let f be l(-8). Calculate the highest common factor of f and 3.
1
Let p = -105 - -110. Suppose -t + 2*i + 2*i = -10, -p*i + 10 = t. Calculate the greatest common divisor of t and 20.
10
Suppose 5 = 63*f + 5. Suppose -3*m + 5*p + 852 = f, 3*m = 6*m - p - 840. What is the greatest common divisor of 465 and m?
93
Suppose 0*g - 5*g = -3*l - 3250, 3250 = 5*g - l. Let u = g + -642. Calculate the greatest common divisor of 584 and u.
8
Suppose 131*h - 189106 = 464846. Calculate the highest common factor of h and 4.
4
Let b be (52/(-39))/(-4)*15. What is the highest common divisor of 103 and b?
1
Let r = -54 - -124. Suppose 2*m - 86 = -894. Let x = m - -414. What is the greatest common factor of r and x?
10
Suppose 4*m - 5*f = 81, 2*f + 29 = m - f. Let u(p) = 4*p - 5 + 6 - 10. Let s be u(4). Calculate the highest common factor of m and s.
7
Let i(h) = -h - 2. Let f be i(-5). Suppose 0 = d - 3*d + 6. Suppose 36 = d*x - 4*b, -3*x + 60 = 2*x + 5*b. Calculate the highest common factor of f and x.
3
Let p(a) be the first derivative of 7*a**2/2 - 18*a + 16. Let o be p(0). Let q = o - -180. What is the highest common factor of 18 and q?
18
Let d = 72 - 44. Let h(b) = -6*b**3 - 8*b**2 + 5*b + 3. Let y be h(-7). Suppose 0 = -12*g + y - 290. Calculate the greatest common divisor of d and g.
28
Let u = 10680 + -9978. What is the highest common divisor of u and 4446?
234
Let c = 537 - 143. Suppose 6*j + c = u + j, 0 = -4*u + 4*j + 1608. Suppose 110 = -3*w + u. What is the highest common divisor of w and 14?
14
Suppose -3*m - 3*l = -3807, 4*m = -5*l + 5153 - 77. Calculate the highest common divisor of 141 and m.
141
Suppose 0 = 4*x + 4*c - 8912, 17*x - 2*c - 6699 = 14*x. Calculate the greatest common factor of 23 and x.
23
Suppose 144*x + 148*x - 308*x = -2928. Calculate the greatest common divisor of 2013 and x.
183
Let h be (-5940)/(-40) + (-9)/(-6). Let v = 306 - h. What is the highest common divisor of 104 and v?
52
Let o(w) = w**3 + 6*w**2 - 2*w - 18. Let x be o(-4). Suppose -t = 2*z - x, 5*t + 10 = -0. Calculate the highest common factor of z and 4.
4
Suppose 157*f - 4*o - 80 = 153*f, -f + 18 = o. Calculate the greatest common factor of 3097 and f.
19
Suppose 328*x - 1324486 = 24906. Calculate the highest common divisor of 34 and x.
34
Suppose -3*x = -4*p + x, -5*x = -3*p - 8. Suppose 0*j + p = 4*j. Let s be j - (-4 + 7) - -18. What is the greatest common divisor of 24 and s?
8
Let j(z) = 4*z - 1. Let g be j(1). Suppose 5*t + t - 3966 = 0. Let v = t - 649. Calculate the highest common factor of g and v.
3
Suppose -100292 = -3*b - 2*t, -5*t + 23626 + 43261 = 2*b. Calculate the highest common divisor of 108 and b.
54
Let f(d) = d**3 + d**2 - 3. Let i be f(2). Let p be (0 - -3)*3*5/i. Suppose -6*m = -p*m - 7. What is the highest common factor of m and 77?
7
Suppose -2*f + 1049 = 5*v + 780, 4*f - v = 593. Let o = 33 + -12. What is the greatest common factor of f and o?
21
Let m be -1 + (7 + -9)*1/(-2). Suppose y - 351 = -4*s, m*y - 3 = -y. Let d be 410/14 - 4/14. What is the greatest common divisor of d and s?
29
Let m = 1035 - 1031. Suppose h - m*h + 68 = -j, 3*h + 2*j - 80 = 0. Calculate the highest common factor of 24 and h.
24
Suppose 2*w = 8 + 6. Suppose -382 = -w*x + 430. What is the greatest common divisor of 58 and x?
58
Suppose 3*g - 701 = 4*a, -3*a + 218 = -3*g + 914. Suppose 409 = 3*z - g. Suppose q + 205 - z = 0. Calculate the greatest common factor of 49 and q.
7
Suppose 212 + 438 = 4*y + m, 2*m = 7*y - 1160. What is the greatest common factor of y and 2378?
82
Suppose -h + 1 = -7. Suppose 0 = -10*d + h*d. Suppose 27 = 2*i + i - 3*v, d = -3*i + 2*v + 26. What is the highest common factor of i and 32?
8
Let u be 5 - (-11)/(22/(-12)). Let r = -2 - u. Let b be (4 + r)*-28*(-9)/12. Calculate the highest common factor of b and 9.
9
Suppose 2*r = 3*s + 218, 8*r + 91*s - 92*s - 806 = 0. What is the highest common factor of 4100 and r?
100
Suppose 43*r - 1219 + 139 = 855. Calculate the greatest common factor of r and 1740.
15
Let l(g) = 2*g**2 - 21*g - 8. Let k be l(12). Let c(b) = b**2 - 20*b - 64. Let m be c(k). What is the highest common factor of m and 20?
20
Let i = 4531 + -2263. Calculate the highest common divisor of 28 and i.
28
Suppose -6*n + 7180 = 2794. Suppose -n*u + 739*u - 224 = 0. What is the greatest common factor of 280 and u?
28
Let k = 235 + -60. Let v = k - 169. What is the greatest common factor of 2 and v?
2
Let l be (3*(-35)/84)/(2/(-8)). Suppose 5*h + l*d = 45, -7*h - 24 = -8*h + 4*d. Let z = -13 + 31. What is the highest common divisor of h and z?
6
Let o(n) = -2*n - 23. Let i be o(-19). Let s(u) = 4*u - 52. Let a be s(i). Suppose 23 = 5*c - 17. Calculate the highest common divisor of c and a.
8
Suppose a + 6 = 9. Let n = a - 6. Let v = n + 51. Calculate the greatest common divisor of v and 3.
3
Suppose 4*b = 3*d - 1, -d - 8 = -3*b + 3*d. Let x be (-19 - b)/(6/(-8)). Let z be (-1469)/(-52) + 49/28. Calculate the highest common divisor of x and z.
10
Let n be 276680/72 + 2 + (-80)/45. Calculate the greatest common factor of n and 42.
21
Let w = 57 + -58. Let g = -15 + 22. Let r be w/g + (-1179)/(-21). Calculate the highest common divisor of 7 and r.
7
Let x(f) = 92*f**2 + 20*f - 17. Let h be x(2). Calculate the greatest common factor of 23 and h.
23
Suppose -6*b = -11*b - 5*f - 575, 5*b = -f - 583. Let u = b + 103. Let w be u/(-2) - (4 + -7). Calculate the greatest common divisor of 90 and w.
10
Suppose 1403*y = 1483*y - 9600. Calculate the greatest common factor of y and 450.
30
Suppose 2 = -3*y + 2*y. Let l be 60/(-18)*36/y. Suppose 4*x - 60 = -4*f, 4*f - 2*f = x + 45. What is the greatest common factor of f and l?
20
Let a be 1 + (-14)/18 - (-68)/18. Suppose -a*z + 94 = -66. Let q be (-602)/(-10) - 8/z. What is the highest common divisor of 6 and q?
6
Suppose -4*v + 20 = -f - 18, 3*f + 6 = 0. Let s be 11 - 3/(9/6). What is the greatest common factor of v and s?
9
Suppose -6 + 4 = d. Let z be d/(6/3) + (2 - 1). Suppose z = -2*g + 42 + 86. What is the greatest common divisor of 8 and g?
8
Suppose -t - 2*t + 165 = 0. Suppose 0*c - 5*c - 3*i = t, 5*c = 2*i - 55. Let r be (c + 3)/(3/(-84)). What is the greatest common factor of r and 32?
32
Let i(s) = -s**3 + 133*s**2 + 834*s + 44. Let r be i(139). Calculate the greatest common divisor of 1496 and r.
44
Suppose -2*x + 55 = -3*h - 27, -3*x = 2*h + 33. Let l = h - -29. Suppose -l*w = w - 36. What is the greatest common factor of w and 6?
6
Let l(r) = 3*r**2 + 17*r + 18. Let x be l(-1). Suppose g - 5*c = -18, 3*c - 20 = -2*g - x. Calculate the greatest common factor of g and 18.
2
Let z(p) be the second derivative of 83*p**3/6 - 8*p**2 - 17*p. Let f be z(12). Suppose -6*o = 4*o - f. Calculate the highest common divisor of o and 14.
14
Let p be ((-11)/(-22) - 2)*-536. Suppose 0 = 12*s + 265 - 1069. Calculate the greatest common factor of s and p.
67
Let i = -89 - -14. Suppose -d = -19 + 134. Let r = i - d. What is the highest common factor of r and 40?
40
Suppose 0 = 5*t - 0*t - 660. Let g = t - 77. Let i be (-10)/(-1) + (-5 - 0) - -50. Calculate the greatest common divisor of g and i.
55
Let n = 40283 + -40147. Calculate the greatest common divisor of 14926 and n.
34
Let h = 36 - 34. Suppose 2*b + n = 79, -4*b + h*n + 76 = -70. Let c = 15 - -42. Calculate the greatest common factor of b and c.
19
Let m = 8902 - 8649. What is the greatest common divisor of 368 and m?
23
Let a(u) = 132*u + 1795. Let t be a(4). Calculate the greatest common factor of t and 303.
101
Let t = 30574 - 30511. What is the greatest c